= 30*s. Suppose 4386 = s*w - 2742. What is the hundreds digit of w?
5
Suppose -3065 = 5*i - 8705. What is the hundreds digit of 2 - (-5 + 3) - (-24 - i)?
1
Suppose -7*b = -28523 - 15507. Suppose -4*i - i + b = 5*x, -2*x + 2513 = 3*i. What is the tens digit of x?
6
Let f be -1*3*16/(-6). Suppose -i + 12 = -f. Suppose -16*l = -i*l + 48. What is the tens digit of l?
1
Suppose 0 = 67*x - 63*x - 8. Let n be (3/x)/((-13)/(-156)). What is the units digit of n/(-3)*12/(-8)?
9
Suppose l + 2*p - 1135 = 6*l, 454 = -2*l - p. Let s = l - -703. What is the hundreds digit of s?
4
Let d(i) = 2*i**3 - i**2 + 4*i + 4. Let b be d(0). Suppose 0 = 11*n - 7*n + b, 0 = -2*k + 4*n + 1588. What is the tens digit of k?
9
Suppose 0 = -52*n + 53*n - 4415. Suppose -4*t = -3*w - n, -2658 - 646 = -3*t - 5*w. What is the units digit of t?
3
Let n = -18558 + 27810. What is the units digit of n?
2
Let m(f) = -9*f + 3. Let s be m(13). What is the tens digit of 3/((-63)/14)*s?
7
What is the units digit of -47 + (-400)/(-8) + 2/((-2)/(-9485))?
8
Let f(k) be the first derivative of -41*k**2 - 66*k - 161. What is the units digit of f(-10)?
4
Let f = -164 + 70. Let z = f - -192. Let h = -67 + z. What is the units digit of h?
1
Let g be (-192)/40*(-10)/3. Let t(n) = -n + 22. Let v be t(g). Let s(d) = 9*d + 14. What is the tens digit of s(v)?
6
Suppose -69*k = -67*k - 216. Suppose r = k + 415. What is the units digit of r?
3
Suppose 19 + 41 = 10*n. What is the tens digit of 17004/65 - n/10?
6
Suppose 0 = 4*t + x - 1070, 3*t + 2*t + 2*x = 1336. Suppose -137 = 5*g + t. Let f = g + 148. What is the units digit of f?
7
Let w(i) = -3018*i - 5686. What is the ten thousands digit of w(-23)?
6
Suppose -2*g - 4*w = -1040, 2*g - 5*w - 501 = 566. Let v = 929 - g. What is the units digit of v?
3
Let z(m) = 13118 + 3*m - 13114 + 9*m. What is the hundreds digit of z(11)?
1
Suppose 14*s - 14448 = 7784. Suppose -27*z + 31315 - s = 0. What is the hundreds digit of z?
1
Let y(v) = 119 - v - 92 - 8*v - 5*v**2 - v**3. What is the tens digit of y(-13)?
9
Suppose -8*z = -f - 132873, 3914 = 2*z + f - 29313. What is the ten thousands digit of z?
1
Suppose 0 = -2*f - 3*v + 636, -2*v = 4*f - 5*v - 1290. Let p = f + 1265. What is the units digit of p?
6
What is the thousands digit of (-1236 + 13)*(9 - 11)?
2
Suppose -22437 = -y - 4*g, 0 = -15*y + 10*y + 4*g + 112209. What is the ten thousands digit of y?
2
Let t(y) = -18*y - 136. Suppose 4*r + 9*x - 14*x = -82, 4*r + 3*x = -98. What is the units digit of t(r)?
8
Let p be (-1)/2 + -5 + (-155)/(-10). Suppose 0 = 6*x - p*x + 20. Suppose 8 = -x*r + 9*r. What is the units digit of r?
2
Let x(m) = 1820*m**2 + 23*m + 154. What is the units digit of x(-5)?
9
Suppose 12*g + 655 = 7*g. Let q = -67 - g. Let v = q - -4. What is the tens digit of v?
6
Let r(a) = 42*a**2 - 47*a + 498. What is the hundreds digit of r(18)?
2
Let w(c) = c**3 - 17*c**2 - 35*c - 21. Let s(z) = -4*z. Let u be s(-5). What is the tens digit of w(u)?
7
Suppose -306 = -5*c + 2*l, 0*c + 4*c - 3*l - 242 = 0. Let y = 220 + c. What is the hundreds digit of y?
2
Let r(v) = -156*v - 314. What is the tens digit of r(-52)?
9
Let x = -324 + 322. What is the tens digit of (-688)/((4 - 2 - -2)/x)?
4
Let v = 29962 + -11090. What is the tens digit of v?
7
Let y(a) = -20*a - 3. Let j be y(-8). Suppose v = 456 - j. What is the tens digit of v?
9
Let p(x) = 16*x + 7 + 11*x**2 - 4 + 5 - x**3. Let s be p(12). Let c = s + -37. What is the units digit of c?
9
Suppose 25*j - 112 = 9*j. Suppose 0 = j*n - 5595 + 1850. What is the hundreds digit of n?
5
What is the tens digit of (-166)/415*((-142883)/4 + -3)*4?
5
Let y = -393 + -1134. Let p = y + 2240. What is the hundreds digit of p?
7
Suppose 4*l - 60 = -o, 4*o - o + 3*l = 180. Let x = o - 68. What is the tens digit of ((-398)/x)/(6/24)?
9
What is the tens digit of (-41754)/(-4) + (-57)/(-114)?
3
Suppose 16*r = 21*r + 75. What is the hundreds digit of (-11765)/r - (-2)/3?
7
Let t(q) = 120*q**2 + 5*q. Let m be t(-7). What is the tens digit of -2*(m/(-10) - 6)?
8
Let t(s) = s**3 - 15*s**2 - s + 17. Let p be t(15). Suppose -2*g + p = k - 3*g, 9 = 3*g. Suppose 44 = u + k*c, -4*c - c + 5 = 0. What is the units digit of u?
9
Let t be ((-210)/(-9) + -4)*9. Suppose -3*l + t = k, -6*k + 4*l + 174 = -5*k. What is the tens digit of k?
7
Let p be (-1)/(-7) + (-1782585)/(-245). Suppose -3*s + m = -2918, -5*s + 5*m - 2416 + p = 0. What is the hundreds digit of s?
9
Suppose -11 - 14 = -5*p. Suppose -p*l = -4*o - 547, -o = -4*o - 3*l - 390. What is the tens digit of (0 - o) + 10/(-15)*3?
3
Let p = 801 + 4243. Suppose -p = -20*c + 25576. What is the hundreds digit of c?
5
Let x(i) = 2847*i + 204. What is the tens digit of x(2)?
9
Let z be (-28)/(-7) - (0 - -9). Let o(d) = -38*d - 15. Let m be o(z). Let k = m + -94. What is the tens digit of k?
8
Let s(b) be the second derivative of -b**5/4 + b**2/2 - 18*b. Let m be s(1). What is the tens digit of m + (-12)/(-3) - (1 - 70)?
6
Let l(z) = -4*z**3 + 3*z + 4. Let h = 111 + -75. Let n = h - 39. What is the tens digit of l(n)?
0
Let x be 6 - (1 + -3 - -6). What is the units digit of 2*2 - (4 - -1 - x)?
1
Suppose 4*i - 3*i = -i. Suppose 3*c + 15 = i, 2*c - 1757 = 3*v - 6*v. What is the units digit of v?
9
What is the tens digit of (-11730300)/(-780) - 10/(-65)?
3
Let f = 1493 + 160. What is the units digit of f?
3
Let n be 29/(3 + (-6 - -4)). Let a = -36 + n. Let l = 25 - a. What is the tens digit of l?
3
Suppose -84183 = -24*t - 26727. What is the hundreds digit of t?
3
Suppose -16*i + 27*i - 21417 = 0. Suppose 4*b = -l + i, 0 = -8*b + 3*b + 5*l + 2440. What is the units digit of b?
7
Let y = -249 + 267. Suppose 0 = -y*d + 34*d - 2768. What is the hundreds digit of d?
1
Let l(t) = -31981*t**3 + 3*t**2 + 34*t + 29. What is the tens digit of l(-1)?
7
Let a(g) = -680*g - 2051. What is the units digit of a(-48)?
9
Let l(b) = 509*b - 9556. What is the tens digit of l(127)?
8
Let l(w) = w**3 + 4*w**2 + 4*w - 4. Let q(p) = -p**3 + 5*p**2 - 6*p + 5. Let z be q(4). Let d be l(z). What is the hundreds digit of (1 - -4)*(1722/30 + d)?
2
What is the tens digit of 14/(-77) + (-65)/(-110)*6932?
9
Let i be 2/9 + 2/(-18)*-25. What is the units digit of ((-22)/(-33))/(i/2079)?
2
Let v(n) = n**3 - 25*n**2 - 13*n - 48. Let h(x) = -3*x**3 + 76*x**2 + 38*x + 144. Let t(i) = 2*h(i) + 7*v(i). What is the units digit of t(24)?
8
Let r(o) = o**2 - 4*o**2 - o + 2*o**2 + 2*o**2 - 22. Let j be 0/(-2 - 0) - (-9 - 1). What is the tens digit of r(j)?
6
Let m = 72650 + -49402. Suppose z + m = 17*z. What is the tens digit of z?
5
Suppose 0*f - v = -3*f + 20, 5*v = -25. What is the tens digit of 366/f*105/42?
8
Suppose 683 = 5*t - 357. Suppose 542 = -20*k - 1678. Let l = k + t. What is the units digit of l?
7
Let f be (-12)/(-24) - 2/(-4). Let u(b) = -4*b**3 + b**2 + 3*b - 4. Let q be u(f). What is the units digit of q*1/(-6)*6?
4
Suppose -1380 = -3*t + 3*j, -2*t - t - 4*j = -1380. What is the tens digit of (-29)/((-66)/t + (-4)/(-40))?
6
Let a = 16332 + -7732. What is the hundreds digit of a?
6
Let y(d) be the second derivative of -8*d - 1/6*d**3 + 143/2*d**2 + 1/6*d**4 - 1/20*d**5 + 0. What is the hundreds digit of y(0)?
1
Let u(v) = -v**3 + 7*v**2 - 5*v - 6. Let h be ((-10)/6)/(30/(-108)). Let f be u(h). Suppose 3*q - 74 - 598 = f. What is the tens digit of q?
2
Let j be 60/(-24) - -3*15/(-18). What is the units digit of j/(11144/11184 + -1)?
8
Suppose 2*a + o = 994, 25*a - o - 994 = 23*a. What is the units digit of a?
7
Let t(s) = 329*s**2 - 499*s - 8. What is the ten thousands digit of t(17)?
8
Let m be (-58)/(-5) + (-44)/(-110). Let t be ((-612)/20)/(m/(-40)). What is the tens digit of t/(-8)*(-220)/33?
8
Suppose -2*i = -12*d + 9*d - 8, 2*i - 2*d = 8. What is the units digit of 481/148*66/i*8?
9
Suppose -17190 = -4*f - c, 29*f - 2*c = 28*f + 4293. Suppose 5*q - 273 - f = 0. What is the units digit of q?
4
Let k(w) = -54*w + 7. Let q(l) be the second derivative of 55*l**3/6 - 3*l**2 - 11*l. Let x(v) = 2*k(v) + 3*q(v). What is the units digit of x(2)?
0
Let z(v) = -8*v - 244. Let k be z(-31). Let c(r) = r - 12 + 8*r**2 + r - 2*r + 2*r. What is the hundreds digit of c(k)?
1
Suppose 54*v - 450067 = 220559. What is the ten thousands digit of v?
1
Let s = 199 - 195. Suppose 